{"id":10921,"date":"2026-05-14T08:02:14","date_gmt":"2026-05-14T05:02:14","guid":{"rendered":"https:\/\/ozince.com\/magaza\/kategorilenmemis\/mhr-28725-aks-korugu-takim-ic-corsa-c-00-06-corsa-d-06-09\/"},"modified":"2026-05-14T08:02:15","modified_gmt":"2026-05-14T05:02:15","slug":"mhr-28725-aks-korugu-takim-ic-corsa-c-00-06-corsa-d-06-09","status":"publish","type":"product","link":"https:\/\/ozince.com\/magaza\/aks-urunleri\/mhr-28725-aks-korugu-takim-ic-corsa-c-00-06-corsa-d-06-09\/","title":{"rendered":"MHR-28725 AKS K\u00d6R\u00dc\u011e\u00dc TAKIM \u0130\u00c7 CORSA C 00-06 \/ CORSA D 06-09"},"content":{"rendered":"","protected":false},"excerpt":{"rendered":"","protected":false},"featured_media":12164,"template":"","meta":[],"product_brand":[288],"product_cat":[379],"product_tag":[378],"class_list":{"0":"post-10921","1":"product","2":"type-product","3":"status-publish","4":"has-post-thumbnail","6":"arac_markasi_modeli-corsa-c","7":"arac_markasi_modeli-corsa-d","8":"arac_markasi_modeli-opel","9":"product_brand-maher","10":"product_cat-aks-urunleri","11":"product_tag-altay","13":"first","14":"instock","15":"taxable","16":"shipping-taxable","17":"purchasable","18":"product-type-simple"},"jetpack_sharing_enabled":true,"_links":{"self":[{"href":"https:\/\/ozince.com\/magaza\/wp-json\/wp\/v2\/product\/10921","targetHints":{"allow":["GET"]}}],"collection":[{"href":"https:\/\/ozince.com\/magaza\/wp-json\/wp\/v2\/product"}],"about":[{"href":"https:\/\/ozince.com\/magaza\/wp-json\/wp\/v2\/types\/product"}],"wp:featuredmedia":[{"embeddable":true,"href":"https:\/\/ozince.com\/magaza\/wp-json\/wp\/v2\/media\/12164"}],"wp:attachment":[{"href":"https:\/\/ozince.com\/magaza\/wp-json\/wp\/v2\/media?parent=10921"}],"wp:term":[{"taxonomy":"product_brand","embeddable":true,"href":"https:\/\/ozince.com\/magaza\/wp-json\/wp\/v2\/product_brand?post=10921"},{"taxonomy":"product_cat","embeddable":true,"href":"https:\/\/ozince.com\/magaza\/wp-json\/wp\/v2\/product_cat?post=10921"},{"taxonomy":"product_tag","embeddable":true,"href":"https:\/\/ozince.com\/magaza\/wp-json\/wp\/v2\/product_tag?post=10921"}],"curies":[{"name":"wp","href":"https:\/\/api.w.org\/{rel}","templated":true}]}}