{"id":10841,"date":"2026-05-04T08:00:43","date_gmt":"2026-05-04T05:00:43","guid":{"rendered":"https:\/\/ozince.com\/magaza\/kategorilenmemis\/mhr-17992-aks-kafasi-dis-vectra-b-96-03-astra-f-91-98-kalin-freze-absli-29-dis-a-t-22x22x52x1448\/"},"modified":"2026-05-04T08:00:44","modified_gmt":"2026-05-04T05:00:44","slug":"mhr-17992-aks-kafasi-dis-vectra-b-96-03-astra-f-91-98-kalin-freze-absli-29-dis-a-t-22x22x52x1448","status":"publish","type":"product","link":"https:\/\/ozince.com\/magaza\/aks-urunleri\/mhr-17992-aks-kafasi-dis-vectra-b-96-03-astra-f-91-98-kalin-freze-absli-29-dis-a-t-22x22x52x1448\/","title":{"rendered":"MHR-17992 AKS KAFASI DI\u015e VECTRA B  96-03 \/ ASTRA F 91-98 \/ KALIN FREZE ABSL\u0130 29 D\u0130\u015e A-T 22X22X52X144,8"},"content":{"rendered":"","protected":false},"excerpt":{"rendered":"","protected":false},"featured_media":12264,"template":"","meta":[],"product_brand":[288],"product_cat":[379],"product_tag":[378],"class_list":{"0":"post-10841","1":"product","2":"type-product","3":"status-publish","4":"has-post-thumbnail","6":"arac_markasi_modeli-astra-f","7":"arac_markasi_modeli-opel","8":"arac_markasi_modeli-vectra-b","9":"product_brand-maher","10":"product_cat-aks-urunleri","11":"product_tag-altay","13":"first","14":"outofstock","15":"taxable","16":"shipping-taxable","17":"purchasable","18":"product-type-simple"},"jetpack_sharing_enabled":true,"_links":{"self":[{"href":"https:\/\/ozince.com\/magaza\/wp-json\/wp\/v2\/product\/10841","targetHints":{"allow":["GET"]}}],"collection":[{"href":"https:\/\/ozince.com\/magaza\/wp-json\/wp\/v2\/product"}],"about":[{"href":"https:\/\/ozince.com\/magaza\/wp-json\/wp\/v2\/types\/product"}],"wp:featuredmedia":[{"embeddable":true,"href":"https:\/\/ozince.com\/magaza\/wp-json\/wp\/v2\/media\/12264"}],"wp:attachment":[{"href":"https:\/\/ozince.com\/magaza\/wp-json\/wp\/v2\/media?parent=10841"}],"wp:term":[{"taxonomy":"product_brand","embeddable":true,"href":"https:\/\/ozince.com\/magaza\/wp-json\/wp\/v2\/product_brand?post=10841"},{"taxonomy":"product_cat","embeddable":true,"href":"https:\/\/ozince.com\/magaza\/wp-json\/wp\/v2\/product_cat?post=10841"},{"taxonomy":"product_tag","embeddable":true,"href":"https:\/\/ozince.com\/magaza\/wp-json\/wp\/v2\/product_tag?post=10841"}],"curies":[{"name":"wp","href":"https:\/\/api.w.org\/{rel}","templated":true}]}}