{"id":10545,"date":"2026-04-13T08:00:58","date_gmt":"2026-04-13T05:00:58","guid":{"rendered":"https:\/\/ozince.com\/magaza\/kategorilenmemis\/mhr-19011-eksantrik-zinciri-astra-j-14-mokka-j13-insignia-a-b16dth-1-6-cdti\/"},"modified":"2026-04-13T08:00:59","modified_gmt":"2026-04-13T05:00:59","slug":"mhr-19011-eksantrik-zinciri-astra-j-14-mokka-j13-insignia-a-b16dth-1-6-cdti","status":"publish","type":"product","link":"https:\/\/ozince.com\/magaza\/motor-mekanik-urunleri\/mhr-19011-eksantrik-zinciri-astra-j-14-mokka-j13-insignia-a-b16dth-1-6-cdti\/","title":{"rendered":"MHR-19011 EKSANTR\u0130K Z\u0130NC\u0130R\u0130 ASTRA J 14= \/ MOKKA (J13) \/ INSIGNIA A \/ B16DTH 1.6 CDTI"},"content":{"rendered":"","protected":false},"excerpt":{"rendered":"","protected":false},"featured_media":12463,"template":"","meta":[],"product_brand":[288],"product_cat":[298],"product_tag":[378],"class_list":{"0":"post-10545","1":"product","2":"type-product","3":"status-publish","4":"has-post-thumbnail","6":"arac_markasi_modeli-astra-j","7":"arac_markasi_modeli-insignia-a","8":"arac_markasi_modeli-mokka","9":"arac_markasi_modeli-opel","10":"product_brand-maher","11":"product_cat-motor-mekanik-urunleri","12":"product_tag-altay","14":"first","15":"instock","16":"taxable","17":"shipping-taxable","18":"purchasable","19":"product-type-simple"},"jetpack_sharing_enabled":true,"_links":{"self":[{"href":"https:\/\/ozince.com\/magaza\/wp-json\/wp\/v2\/product\/10545","targetHints":{"allow":["GET"]}}],"collection":[{"href":"https:\/\/ozince.com\/magaza\/wp-json\/wp\/v2\/product"}],"about":[{"href":"https:\/\/ozince.com\/magaza\/wp-json\/wp\/v2\/types\/product"}],"wp:featuredmedia":[{"embeddable":true,"href":"https:\/\/ozince.com\/magaza\/wp-json\/wp\/v2\/media\/12463"}],"wp:attachment":[{"href":"https:\/\/ozince.com\/magaza\/wp-json\/wp\/v2\/media?parent=10545"}],"wp:term":[{"taxonomy":"product_brand","embeddable":true,"href":"https:\/\/ozince.com\/magaza\/wp-json\/wp\/v2\/product_brand?post=10545"},{"taxonomy":"product_cat","embeddable":true,"href":"https:\/\/ozince.com\/magaza\/wp-json\/wp\/v2\/product_cat?post=10545"},{"taxonomy":"product_tag","embeddable":true,"href":"https:\/\/ozince.com\/magaza\/wp-json\/wp\/v2\/product_tag?post=10545"}],"curies":[{"name":"wp","href":"https:\/\/api.w.org\/{rel}","templated":true}]}}