{"id":10386,"date":"2026-05-04T08:21:08","date_gmt":"2026-05-04T05:21:08","guid":{"rendered":"https:\/\/ozince.com\/magaza\/kategorilenmemis\/mhr-14438-teker-poryasi-astra-j-09-15-on-rulmanli-5-bijon-absli-disk-capi-276mm\/"},"modified":"2026-05-04T08:21:08","modified_gmt":"2026-05-04T05:21:08","slug":"fag-713644910-teker-poryasi-astra-j-09-15-on-rulmanli-5-bijon-absli-disk-capi-276mm","status":"publish","type":"product","link":"https:\/\/ozince.com\/magaza\/aks-urunleri\/fag-713644910-teker-poryasi-astra-j-09-15-on-rulmanli-5-bijon-absli-disk-capi-276mm\/","title":{"rendered":"FAG-713644910 TEKER PORYASI ASTRA J 09-15 \u00d6N RULMANLI 5 B\u0130JON ABSL\u0130 (D\u0130SK \u00c7API 276mm)"},"content":{"rendered":"","protected":false},"excerpt":{"rendered":"","protected":false},"featured_media":0,"template":"","meta":[],"product_brand":[455],"product_cat":[379],"product_tag":[378],"class_list":{"0":"post-10386","1":"product","2":"type-product","3":"status-publish","5":"arac_markasi_modeli-astra-j","6":"arac_markasi_modeli-opel","7":"product_brand-fag","8":"product_cat-aks-urunleri","9":"product_tag-altay","11":"first","12":"outofstock","13":"taxable","14":"shipping-taxable","15":"purchasable","16":"product-type-simple"},"jetpack_sharing_enabled":true,"_links":{"self":[{"href":"https:\/\/ozince.com\/magaza\/wp-json\/wp\/v2\/product\/10386","targetHints":{"allow":["GET"]}}],"collection":[{"href":"https:\/\/ozince.com\/magaza\/wp-json\/wp\/v2\/product"}],"about":[{"href":"https:\/\/ozince.com\/magaza\/wp-json\/wp\/v2\/types\/product"}],"wp:attachment":[{"href":"https:\/\/ozince.com\/magaza\/wp-json\/wp\/v2\/media?parent=10386"}],"wp:term":[{"taxonomy":"product_brand","embeddable":true,"href":"https:\/\/ozince.com\/magaza\/wp-json\/wp\/v2\/product_brand?post=10386"},{"taxonomy":"product_cat","embeddable":true,"href":"https:\/\/ozince.com\/magaza\/wp-json\/wp\/v2\/product_cat?post=10386"},{"taxonomy":"product_tag","embeddable":true,"href":"https:\/\/ozince.com\/magaza\/wp-json\/wp\/v2\/product_tag?post=10386"}],"curies":[{"name":"wp","href":"https:\/\/api.w.org\/{rel}","templated":true}]}}