{"id":10381,"date":"2026-05-09T08:02:56","date_gmt":"2026-05-09T05:02:56","guid":{"rendered":"https:\/\/ozince.com\/magaza\/kategorilenmemis\/mhr-14444-teker-poryasi-astra-j-09-16-cruze-09-14-arka-rulmanli-5-bijon-absli-disk-capi-292mm\/"},"modified":"2026-05-09T08:02:57","modified_gmt":"2026-05-09T05:02:57","slug":"mhr-14444-teker-poryasi-astra-j-09-16-cruze-09-14-arka-rulmanli-5-bijon-absli-disk-capi-292mm","status":"publish","type":"product","link":"https:\/\/ozince.com\/magaza\/aks-urunleri\/mhr-14444-teker-poryasi-astra-j-09-16-cruze-09-14-arka-rulmanli-5-bijon-absli-disk-capi-292mm\/","title":{"rendered":"MHR-14444 TEKER PORYASI ASTRA J\u00a009-16 \/ CRUZE 09-14 ARKA RULMANLI 5 B\u0130JON ABSL\u0130 (D\u0130SK \u00c7API 292mm)"},"content":{"rendered":"","protected":false},"excerpt":{"rendered":"","protected":false},"featured_media":12578,"template":"","meta":[],"product_brand":[288],"product_cat":[379],"product_tag":[378],"class_list":{"0":"post-10381","1":"product","2":"type-product","3":"status-publish","4":"has-post-thumbnail","6":"arac_markasi_modeli-astra-j","7":"arac_markasi_modeli-opel","8":"product_brand-maher","9":"product_cat-aks-urunleri","10":"product_tag-altay","12":"first","13":"instock","14":"taxable","15":"shipping-taxable","16":"purchasable","17":"product-type-simple"},"jetpack_sharing_enabled":true,"_links":{"self":[{"href":"https:\/\/ozince.com\/magaza\/wp-json\/wp\/v2\/product\/10381","targetHints":{"allow":["GET"]}}],"collection":[{"href":"https:\/\/ozince.com\/magaza\/wp-json\/wp\/v2\/product"}],"about":[{"href":"https:\/\/ozince.com\/magaza\/wp-json\/wp\/v2\/types\/product"}],"wp:featuredmedia":[{"embeddable":true,"href":"https:\/\/ozince.com\/magaza\/wp-json\/wp\/v2\/media\/12578"}],"wp:attachment":[{"href":"https:\/\/ozince.com\/magaza\/wp-json\/wp\/v2\/media?parent=10381"}],"wp:term":[{"taxonomy":"product_brand","embeddable":true,"href":"https:\/\/ozince.com\/magaza\/wp-json\/wp\/v2\/product_brand?post=10381"},{"taxonomy":"product_cat","embeddable":true,"href":"https:\/\/ozince.com\/magaza\/wp-json\/wp\/v2\/product_cat?post=10381"},{"taxonomy":"product_tag","embeddable":true,"href":"https:\/\/ozince.com\/magaza\/wp-json\/wp\/v2\/product_tag?post=10381"}],"curies":[{"name":"wp","href":"https:\/\/api.w.org\/{rel}","templated":true}]}}