{"id":10345,"date":"2026-04-07T08:00:51","date_gmt":"2026-04-07T05:00:51","guid":{"rendered":"https:\/\/ozince.com\/magaza\/kategorilenmemis\/mhr-13607-hortum-fren-astra-h-04-10-astra-g-98-05-arka-sag-diskli-fren-icin\/"},"modified":"2026-04-07T08:00:52","modified_gmt":"2026-04-07T05:00:52","slug":"mhr-13607-hortum-fren-astra-h-04-10-astra-g-98-05-arka-sag-diskli-fren-icin","status":"publish","type":"product","link":"https:\/\/ozince.com\/magaza\/fren-sistemi-urunleri\/mhr-13607-hortum-fren-astra-h-04-10-astra-g-98-05-arka-sag-diskli-fren-icin\/","title":{"rendered":"MHR-13607 HORTUM FREN ASTRA H 04-10 \/ ASTRA G 98-05 ARKA SA\u011e D\u0130SKL\u0130 FREN \u0130\u00c7\u0130N"},"content":{"rendered":"","protected":false},"excerpt":{"rendered":"","protected":false},"featured_media":12605,"template":"","meta":[],"product_brand":[288],"product_cat":[257],"product_tag":[378],"class_list":{"0":"post-10345","1":"product","2":"type-product","3":"status-publish","4":"has-post-thumbnail","6":"arac_markasi_modeli-astra-g","7":"arac_markasi_modeli-astra-h","8":"arac_markasi_modeli-opel","9":"product_brand-maher","10":"product_cat-fren-sistemi-urunleri","11":"product_tag-altay","13":"first","14":"instock","15":"taxable","16":"shipping-taxable","17":"purchasable","18":"product-type-simple"},"jetpack_sharing_enabled":true,"_links":{"self":[{"href":"https:\/\/ozince.com\/magaza\/wp-json\/wp\/v2\/product\/10345","targetHints":{"allow":["GET"]}}],"collection":[{"href":"https:\/\/ozince.com\/magaza\/wp-json\/wp\/v2\/product"}],"about":[{"href":"https:\/\/ozince.com\/magaza\/wp-json\/wp\/v2\/types\/product"}],"wp:featuredmedia":[{"embeddable":true,"href":"https:\/\/ozince.com\/magaza\/wp-json\/wp\/v2\/media\/12605"}],"wp:attachment":[{"href":"https:\/\/ozince.com\/magaza\/wp-json\/wp\/v2\/media?parent=10345"}],"wp:term":[{"taxonomy":"product_brand","embeddable":true,"href":"https:\/\/ozince.com\/magaza\/wp-json\/wp\/v2\/product_brand?post=10345"},{"taxonomy":"product_cat","embeddable":true,"href":"https:\/\/ozince.com\/magaza\/wp-json\/wp\/v2\/product_cat?post=10345"},{"taxonomy":"product_tag","embeddable":true,"href":"https:\/\/ozince.com\/magaza\/wp-json\/wp\/v2\/product_tag?post=10345"}],"curies":[{"name":"wp","href":"https:\/\/api.w.org\/{rel}","templated":true}]}}