{"id":10337,"date":"2026-04-10T08:04:05","date_gmt":"2026-04-10T05:04:05","guid":{"rendered":"https:\/\/ozince.com\/magaza\/kategorilenmemis\/mhr-35554-aks-kafasi-dis-on-sag-sol-a-t-crossland-crossland-x-c3-aircross-eb2adt-eb2dtm-dv5rc-b12xht-f12x\/"},"modified":"2026-04-10T08:04:05","modified_gmt":"2026-04-10T05:04:05","slug":"mhr-35554-aks-kafasi-dis-on-sag-sol-a-t-crossland-crossland-x-c3-aircross-eb2adt-eb2dtm-dv5rc-b12xht-f12x","status":"publish","type":"product","link":"https:\/\/ozince.com\/magaza\/aks-urunleri\/mhr-35554-aks-kafasi-dis-on-sag-sol-a-t-crossland-crossland-x-c3-aircross-eb2adt-eb2dtm-dv5rc-b12xht-f12x\/","title":{"rendered":"MHR-35554 AKS KAFASI DI\u015e \u00d6N SA\u011e-SOL  A.T CROSSLAND \/ CROSSLAND X \/ C3 AIRCROSS EB2ADT-EB2DTM-DV5RC-B12XHT-F12X"},"content":{"rendered":"","protected":false},"excerpt":{"rendered":"","protected":false},"featured_media":15456,"template":"","meta":[],"product_brand":[288],"product_cat":[379],"product_tag":[378],"class_list":{"0":"post-10337","1":"product","2":"type-product","3":"status-publish","4":"has-post-thumbnail","6":"arac_markasi_modeli-crossland-x","7":"arac_markasi_modeli-opel","8":"product_brand-maher","9":"product_cat-aks-urunleri","10":"product_tag-altay","12":"first","13":"instock","14":"taxable","15":"shipping-taxable","16":"purchasable","17":"product-type-simple"},"jetpack_sharing_enabled":true,"_links":{"self":[{"href":"https:\/\/ozince.com\/magaza\/wp-json\/wp\/v2\/product\/10337","targetHints":{"allow":["GET"]}}],"collection":[{"href":"https:\/\/ozince.com\/magaza\/wp-json\/wp\/v2\/product"}],"about":[{"href":"https:\/\/ozince.com\/magaza\/wp-json\/wp\/v2\/types\/product"}],"wp:featuredmedia":[{"embeddable":true,"href":"https:\/\/ozince.com\/magaza\/wp-json\/wp\/v2\/media\/15456"}],"wp:attachment":[{"href":"https:\/\/ozince.com\/magaza\/wp-json\/wp\/v2\/media?parent=10337"}],"wp:term":[{"taxonomy":"product_brand","embeddable":true,"href":"https:\/\/ozince.com\/magaza\/wp-json\/wp\/v2\/product_brand?post=10337"},{"taxonomy":"product_cat","embeddable":true,"href":"https:\/\/ozince.com\/magaza\/wp-json\/wp\/v2\/product_cat?post=10337"},{"taxonomy":"product_tag","embeddable":true,"href":"https:\/\/ozince.com\/magaza\/wp-json\/wp\/v2\/product_tag?post=10337"}],"curies":[{"name":"wp","href":"https:\/\/api.w.org\/{rel}","templated":true}]}}