{"id":10330,"date":"2026-04-30T08:06:08","date_gmt":"2026-04-30T05:06:08","guid":{"rendered":"https:\/\/ozince.com\/magaza\/kategorilenmemis\/mhr-35551-aks-kafasi-dis-on-sag-sol-a-t-corsa-f-1-2eb2adtd-1-5-dv5rd-208-ii-1-2eb2adtd-1-5dv5rd\/"},"modified":"2026-04-30T08:06:09","modified_gmt":"2026-04-30T05:06:09","slug":"mhr-35551-aks-kafasi-dis-on-sag-sol-a-t-corsa-f-1-2eb2adtd-1-5-dv5rd-208-ii-1-2eb2adtd-1-5dv5rd","status":"publish","type":"product","link":"https:\/\/ozince.com\/magaza\/aks-urunleri\/mhr-35551-aks-kafasi-dis-on-sag-sol-a-t-corsa-f-1-2eb2adtd-1-5-dv5rd-208-ii-1-2eb2adtd-1-5dv5rd\/","title":{"rendered":"MHR-35551 AKS KAFASI DI\u015e \u00d6N SA\u011e-SOL  A.T CORSA F 1.2(EB2ADTD)-1.5 (DV5RD) \/ 208 II 1.2(EB2ADTD)-1.5(DV5RD)"},"content":{"rendered":"","protected":false},"excerpt":{"rendered":"","protected":false},"featured_media":12618,"template":"","meta":[],"product_brand":[288],"product_cat":[379],"product_tag":[378],"class_list":{"0":"post-10330","1":"product","2":"type-product","3":"status-publish","4":"has-post-thumbnail","6":"arac_markasi_modeli-corsa-f","7":"arac_markasi_modeli-opel","8":"product_brand-maher","9":"product_cat-aks-urunleri","10":"product_tag-altay","12":"first","13":"outofstock","14":"taxable","15":"shipping-taxable","16":"purchasable","17":"product-type-simple"},"jetpack_sharing_enabled":true,"_links":{"self":[{"href":"https:\/\/ozince.com\/magaza\/wp-json\/wp\/v2\/product\/10330","targetHints":{"allow":["GET"]}}],"collection":[{"href":"https:\/\/ozince.com\/magaza\/wp-json\/wp\/v2\/product"}],"about":[{"href":"https:\/\/ozince.com\/magaza\/wp-json\/wp\/v2\/types\/product"}],"wp:featuredmedia":[{"embeddable":true,"href":"https:\/\/ozince.com\/magaza\/wp-json\/wp\/v2\/media\/12618"}],"wp:attachment":[{"href":"https:\/\/ozince.com\/magaza\/wp-json\/wp\/v2\/media?parent=10330"}],"wp:term":[{"taxonomy":"product_brand","embeddable":true,"href":"https:\/\/ozince.com\/magaza\/wp-json\/wp\/v2\/product_brand?post=10330"},{"taxonomy":"product_cat","embeddable":true,"href":"https:\/\/ozince.com\/magaza\/wp-json\/wp\/v2\/product_cat?post=10330"},{"taxonomy":"product_tag","embeddable":true,"href":"https:\/\/ozince.com\/magaza\/wp-json\/wp\/v2\/product_tag?post=10330"}],"curies":[{"name":"wp","href":"https:\/\/api.w.org\/{rel}","templated":true}]}}