{"id":10224,"date":"2026-04-15T08:00:57","date_gmt":"2026-04-15T05:00:57","guid":{"rendered":"https:\/\/ozince.com\/magaza\/kategorilenmemis\/mhr-27404-hortum-kalorifer-giris-corsa-c-combo-c-tigra-b-y13dt-z13dt-z13dtj\/"},"modified":"2026-04-15T08:00:57","modified_gmt":"2026-04-15T05:00:57","slug":"mhr-27404-hortum-kalorifer-giris-corsa-c-combo-c-tigra-b-y13dt-z13dt-z13dtj","status":"publish","type":"product","link":"https:\/\/ozince.com\/magaza\/motor-sogutma-ve-radyator-urunleri\/mhr-27404-hortum-kalorifer-giris-corsa-c-combo-c-tigra-b-y13dt-z13dt-z13dtj\/","title":{"rendered":"MHR-27404 HORTUM KALOR\u0130FER (G\u0130R\u0130\u015e)  CORSA C COMBO C TIGRA B Y13DT \/ Z13DT \/ Z13DTJ"},"content":{"rendered":"","protected":false},"excerpt":{"rendered":"","protected":false},"featured_media":15444,"template":"","meta":[],"product_brand":[288],"product_cat":[324],"product_tag":[378],"class_list":{"0":"post-10224","1":"product","2":"type-product","3":"status-publish","4":"has-post-thumbnail","6":"arac_markasi_modeli-combo-c","7":"arac_markasi_modeli-corsa-c","8":"arac_markasi_modeli-opel","9":"arac_markasi_modeli-tigra","10":"arac_markasi_modeli-tigra-b","11":"product_brand-maher","12":"product_cat-motor-sogutma-ve-radyator-urunleri","13":"product_tag-altay","15":"first","16":"outofstock","17":"taxable","18":"shipping-taxable","19":"purchasable","20":"product-type-simple"},"jetpack_sharing_enabled":true,"_links":{"self":[{"href":"https:\/\/ozince.com\/magaza\/wp-json\/wp\/v2\/product\/10224","targetHints":{"allow":["GET"]}}],"collection":[{"href":"https:\/\/ozince.com\/magaza\/wp-json\/wp\/v2\/product"}],"about":[{"href":"https:\/\/ozince.com\/magaza\/wp-json\/wp\/v2\/types\/product"}],"wp:featuredmedia":[{"embeddable":true,"href":"https:\/\/ozince.com\/magaza\/wp-json\/wp\/v2\/media\/15444"}],"wp:attachment":[{"href":"https:\/\/ozince.com\/magaza\/wp-json\/wp\/v2\/media?parent=10224"}],"wp:term":[{"taxonomy":"product_brand","embeddable":true,"href":"https:\/\/ozince.com\/magaza\/wp-json\/wp\/v2\/product_brand?post=10224"},{"taxonomy":"product_cat","embeddable":true,"href":"https:\/\/ozince.com\/magaza\/wp-json\/wp\/v2\/product_cat?post=10224"},{"taxonomy":"product_tag","embeddable":true,"href":"https:\/\/ozince.com\/magaza\/wp-json\/wp\/v2\/product_tag?post=10224"}],"curies":[{"name":"wp","href":"https:\/\/api.w.org\/{rel}","templated":true}]}}