{"id":10164,"date":"2026-05-04T08:16:04","date_gmt":"2026-05-04T05:16:04","guid":{"rendered":"https:\/\/ozince.com\/magaza\/kategorilenmemis\/mhr-00630-silindir-kapagi-astra-h-astra-g-vectra-c-z16xep-z16xe\/"},"modified":"2026-05-04T08:16:05","modified_gmt":"2026-05-04T05:16:05","slug":"alr-00014-silindir-kapagi-astra-h-astra-g-vectra-c-z16xep-z16xe","status":"publish","type":"product","link":"https:\/\/ozince.com\/magaza\/motor-mekanik-urunleri\/alr-00014-silindir-kapagi-astra-h-astra-g-vectra-c-z16xep-z16xe\/","title":{"rendered":"ALR-00014 S\u0130L\u0130ND\u0130R KAPA\u011eI ASTRA H \/ ASTRA G \/ VECTRA C Z16XEP-Z16XE"},"content":{"rendered":"","protected":false},"excerpt":{"rendered":"","protected":false},"featured_media":0,"template":"","meta":[],"product_brand":[480],"product_cat":[298],"product_tag":[378],"class_list":{"0":"post-10164","1":"product","2":"type-product","3":"status-publish","5":"arac_markasi_modeli-astra-g","6":"arac_markasi_modeli-astra-h","7":"arac_markasi_modeli-opel","8":"arac_markasi_modeli-vectra-c","9":"product_brand-alrea","10":"product_cat-motor-mekanik-urunleri","11":"product_tag-altay","13":"first","14":"instock","15":"taxable","16":"shipping-taxable","17":"purchasable","18":"product-type-simple"},"jetpack_sharing_enabled":true,"_links":{"self":[{"href":"https:\/\/ozince.com\/magaza\/wp-json\/wp\/v2\/product\/10164","targetHints":{"allow":["GET"]}}],"collection":[{"href":"https:\/\/ozince.com\/magaza\/wp-json\/wp\/v2\/product"}],"about":[{"href":"https:\/\/ozince.com\/magaza\/wp-json\/wp\/v2\/types\/product"}],"wp:attachment":[{"href":"https:\/\/ozince.com\/magaza\/wp-json\/wp\/v2\/media?parent=10164"}],"wp:term":[{"taxonomy":"product_brand","embeddable":true,"href":"https:\/\/ozince.com\/magaza\/wp-json\/wp\/v2\/product_brand?post=10164"},{"taxonomy":"product_cat","embeddable":true,"href":"https:\/\/ozince.com\/magaza\/wp-json\/wp\/v2\/product_cat?post=10164"},{"taxonomy":"product_tag","embeddable":true,"href":"https:\/\/ozince.com\/magaza\/wp-json\/wp\/v2\/product_tag?post=10164"}],"curies":[{"name":"wp","href":"https:\/\/api.w.org\/{rel}","templated":true}]}}