{"id":10159,"date":"2026-05-04T08:02:55","date_gmt":"2026-05-04T05:02:55","guid":{"rendered":"https:\/\/ozince.com\/magaza\/kategorilenmemis\/mhr-17996-aks-kafasi-dis-vectra-a-kadett-e-calibra-absli-43-dis-33x25x52x1708\/"},"modified":"2026-05-04T08:02:57","modified_gmt":"2026-05-04T05:02:57","slug":"mhr-17996-aks-kafasi-dis-vectra-a-kadett-e-calibra-absli-43-dis-33x25x52x1708","status":"publish","type":"product","link":"https:\/\/ozince.com\/magaza\/aks-urunleri\/mhr-17996-aks-kafasi-dis-vectra-a-kadett-e-calibra-absli-43-dis-33x25x52x1708\/","title":{"rendered":"MHR-17996 AKS KAFASI DI\u015e VECTRA A \/ KADETT E \/ CALIBRA ABSL\u0130 43 D\u0130\u015e 33X25X52X170,8"},"content":{"rendered":"","protected":false},"excerpt":{"rendered":"","protected":false},"featured_media":12673,"template":"","meta":[],"product_brand":[288],"product_cat":[379],"product_tag":[378],"class_list":{"0":"post-10159","1":"product","2":"type-product","3":"status-publish","4":"has-post-thumbnail","6":"arac_markasi_modeli-opel","7":"arac_markasi_modeli-vectra-a","8":"product_brand-maher","9":"product_cat-aks-urunleri","10":"product_tag-altay","12":"first","13":"instock","14":"taxable","15":"shipping-taxable","16":"purchasable","17":"product-type-simple"},"jetpack_sharing_enabled":true,"_links":{"self":[{"href":"https:\/\/ozince.com\/magaza\/wp-json\/wp\/v2\/product\/10159","targetHints":{"allow":["GET"]}}],"collection":[{"href":"https:\/\/ozince.com\/magaza\/wp-json\/wp\/v2\/product"}],"about":[{"href":"https:\/\/ozince.com\/magaza\/wp-json\/wp\/v2\/types\/product"}],"wp:featuredmedia":[{"embeddable":true,"href":"https:\/\/ozince.com\/magaza\/wp-json\/wp\/v2\/media\/12673"}],"wp:attachment":[{"href":"https:\/\/ozince.com\/magaza\/wp-json\/wp\/v2\/media?parent=10159"}],"wp:term":[{"taxonomy":"product_brand","embeddable":true,"href":"https:\/\/ozince.com\/magaza\/wp-json\/wp\/v2\/product_brand?post=10159"},{"taxonomy":"product_cat","embeddable":true,"href":"https:\/\/ozince.com\/magaza\/wp-json\/wp\/v2\/product_cat?post=10159"},{"taxonomy":"product_tag","embeddable":true,"href":"https:\/\/ozince.com\/magaza\/wp-json\/wp\/v2\/product_tag?post=10159"}],"curies":[{"name":"wp","href":"https:\/\/api.w.org\/{rel}","templated":true}]}}