{"id":10157,"date":"2026-05-01T08:02:47","date_gmt":"2026-05-01T05:02:47","guid":{"rendered":"https:\/\/ozince.com\/magaza\/kategorilenmemis\/mhr-17993-aks-kafasi-dis-corsa-c-00-06-combo-c-01-06-kalin-freze-absli-29-dis-22x23x52x1586\/"},"modified":"2026-05-01T08:02:49","modified_gmt":"2026-05-01T05:02:49","slug":"mhr-17993-aks-kafasi-dis-corsa-c-00-06-combo-c-01-06-kalin-freze-absli-29-dis-22x23x52x1586","status":"publish","type":"product","link":"https:\/\/ozince.com\/magaza\/aks-urunleri\/mhr-17993-aks-kafasi-dis-corsa-c-00-06-combo-c-01-06-kalin-freze-absli-29-dis-22x23x52x1586\/","title":{"rendered":"MHR-17993 AKS KAFASI DI\u015e CORSA C 00-06 \/ COMBO C 01-06 \/ KALIN FREZE ABSL\u0130 29 D\u0130\u015e 22X23X52X158,6"},"content":{"rendered":"","protected":false},"excerpt":{"rendered":"","protected":false},"featured_media":12670,"template":"","meta":[],"product_brand":[288],"product_cat":[379],"product_tag":[378],"class_list":{"0":"post-10157","1":"product","2":"type-product","3":"status-publish","4":"has-post-thumbnail","6":"arac_markasi_modeli-combo-c","7":"arac_markasi_modeli-corsa-c","8":"arac_markasi_modeli-opel","9":"product_brand-maher","10":"product_cat-aks-urunleri","11":"product_tag-altay","13":"first","14":"instock","15":"taxable","16":"shipping-taxable","17":"purchasable","18":"product-type-simple"},"jetpack_sharing_enabled":true,"_links":{"self":[{"href":"https:\/\/ozince.com\/magaza\/wp-json\/wp\/v2\/product\/10157","targetHints":{"allow":["GET"]}}],"collection":[{"href":"https:\/\/ozince.com\/magaza\/wp-json\/wp\/v2\/product"}],"about":[{"href":"https:\/\/ozince.com\/magaza\/wp-json\/wp\/v2\/types\/product"}],"wp:featuredmedia":[{"embeddable":true,"href":"https:\/\/ozince.com\/magaza\/wp-json\/wp\/v2\/media\/12670"}],"wp:attachment":[{"href":"https:\/\/ozince.com\/magaza\/wp-json\/wp\/v2\/media?parent=10157"}],"wp:term":[{"taxonomy":"product_brand","embeddable":true,"href":"https:\/\/ozince.com\/magaza\/wp-json\/wp\/v2\/product_brand?post=10157"},{"taxonomy":"product_cat","embeddable":true,"href":"https:\/\/ozince.com\/magaza\/wp-json\/wp\/v2\/product_cat?post=10157"},{"taxonomy":"product_tag","embeddable":true,"href":"https:\/\/ozince.com\/magaza\/wp-json\/wp\/v2\/product_tag?post=10157"}],"curies":[{"name":"wp","href":"https:\/\/api.w.org\/{rel}","templated":true}]}}