{"id":10123,"date":"2026-03-03T08:00:21","date_gmt":"2026-03-03T05:00:21","guid":{"rendered":"https:\/\/ozince.com\/magaza\/kategorilenmemis\/mhr-17364-devirdaim-astra-h-combo-c-corsa-c-combo-d-meriva-linea-07-doblo-01-10-egea-15-albea-03-10-1-3-jtd-223a9000-199a2000-199a3000-celik-kasnak-orjinal-tip\/"},"modified":"2026-03-03T08:00:23","modified_gmt":"2026-03-03T05:00:23","slug":"mhr-17364-devirdaim-astra-h-combo-c-corsa-c-combo-d-meriva-linea-07-doblo-01-10-egea-15-albea-03-10-1-3-jtd-223a9000-199a2000-199a3000-celik-kasnak-orjinal-tip","status":"publish","type":"product","link":"https:\/\/ozince.com\/magaza\/motor-sogutma-ve-radyator-urunleri\/mhr-17364-devirdaim-astra-h-combo-c-corsa-c-combo-d-meriva-linea-07-doblo-01-10-egea-15-albea-03-10-1-3-jtd-223a9000-199a2000-199a3000-celik-kasnak-orjinal-tip\/","title":{"rendered":"MHR-17364 DEV\u0130RDA\u0130M  ASTRA H \/ COMBO C \/ CORSA C \/ COMBO D \/ MERIVA \/ LINEA 07= \/ DOBLO 01-10 \/ EGEA 15= \/ ALBEA 03-10  1.3 JTD (223A9000-199A2000-199A3000) \u00c7EL\u0130K KASNAK ORJ\u0130NAL T\u0130P"},"content":{"rendered":"","protected":false},"excerpt":{"rendered":"","protected":false},"featured_media":0,"template":"","meta":[],"product_brand":[288],"product_cat":[324],"product_tag":[378],"class_list":{"0":"post-10123","1":"product","2":"type-product","3":"status-publish","5":"arac_markasi_modeli-astra-h","6":"arac_markasi_modeli-combo-c","7":"arac_markasi_modeli-combo-d","8":"arac_markasi_modeli-corsa-c","9":"arac_markasi_modeli-meriva","10":"arac_markasi_modeli-opel","11":"product_brand-maher","12":"product_cat-motor-sogutma-ve-radyator-urunleri","13":"product_tag-altay","15":"first","16":"instock","17":"taxable","18":"shipping-taxable","19":"purchasable","20":"product-type-simple"},"jetpack_sharing_enabled":true,"_links":{"self":[{"href":"https:\/\/ozince.com\/magaza\/wp-json\/wp\/v2\/product\/10123","targetHints":{"allow":["GET"]}}],"collection":[{"href":"https:\/\/ozince.com\/magaza\/wp-json\/wp\/v2\/product"}],"about":[{"href":"https:\/\/ozince.com\/magaza\/wp-json\/wp\/v2\/types\/product"}],"wp:attachment":[{"href":"https:\/\/ozince.com\/magaza\/wp-json\/wp\/v2\/media?parent=10123"}],"wp:term":[{"taxonomy":"product_brand","embeddable":true,"href":"https:\/\/ozince.com\/magaza\/wp-json\/wp\/v2\/product_brand?post=10123"},{"taxonomy":"product_cat","embeddable":true,"href":"https:\/\/ozince.com\/magaza\/wp-json\/wp\/v2\/product_cat?post=10123"},{"taxonomy":"product_tag","embeddable":true,"href":"https:\/\/ozince.com\/magaza\/wp-json\/wp\/v2\/product_tag?post=10123"}],"curies":[{"name":"wp","href":"https:\/\/api.w.org\/{rel}","templated":true}]}}