{"id":10091,"date":"2026-04-28T08:13:38","date_gmt":"2026-04-28T05:13:38","guid":{"rendered":"https:\/\/ozince.com\/magaza\/kategorilenmemis\/sac-3182654193-debriyaj-rulmani-hidrolik-astra-g-astra-h-corsa-c-meriva-a-signum-z18xe-z20let-z22xe-x18xe\/"},"modified":"2026-04-28T08:13:39","modified_gmt":"2026-04-28T05:13:39","slug":"sac-3182654193-debriyaj-rulmani-hidrolik-astra-g-astra-h-corsa-c-meriva-a-signum-z18xe-z20let-z22xe-x18xe","status":"publish","type":"product","link":"https:\/\/ozince.com\/magaza\/debriyaj-ve-sanziman-urunleri\/sac-3182654193-debriyaj-rulmani-hidrolik-astra-g-astra-h-corsa-c-meriva-a-signum-z18xe-z20let-z22xe-x18xe\/","title":{"rendered":"SAC-3182654193 DEBR\u0130YAJ RULMANI H\u0130DROL\u0130K ASTRA G \/ ASTRA H \/ CORSA C \/ MERIVA A \/ SIGNUM Z18XE-Z20LET-Z22XE-X18XE"},"content":{"rendered":"","protected":false},"excerpt":{"rendered":"","protected":false},"featured_media":13999,"template":"","meta":[],"product_brand":[349],"product_cat":[347],"product_tag":[378],"class_list":{"0":"post-10091","1":"product","2":"type-product","3":"status-publish","4":"has-post-thumbnail","6":"arac_markasi_modeli-astra-g","7":"arac_markasi_modeli-astra-h","8":"arac_markasi_modeli-corsa-c","9":"arac_markasi_modeli-meriva","10":"arac_markasi_modeli-meriva-a","11":"arac_markasi_modeli-opel","12":"product_brand-sachs","13":"product_cat-debriyaj-ve-sanziman-urunleri","14":"product_tag-altay","16":"first","17":"outofstock","18":"taxable","19":"shipping-taxable","20":"purchasable","21":"product-type-simple"},"jetpack_sharing_enabled":true,"_links":{"self":[{"href":"https:\/\/ozince.com\/magaza\/wp-json\/wp\/v2\/product\/10091","targetHints":{"allow":["GET"]}}],"collection":[{"href":"https:\/\/ozince.com\/magaza\/wp-json\/wp\/v2\/product"}],"about":[{"href":"https:\/\/ozince.com\/magaza\/wp-json\/wp\/v2\/types\/product"}],"wp:featuredmedia":[{"embeddable":true,"href":"https:\/\/ozince.com\/magaza\/wp-json\/wp\/v2\/media\/13999"}],"wp:attachment":[{"href":"https:\/\/ozince.com\/magaza\/wp-json\/wp\/v2\/media?parent=10091"}],"wp:term":[{"taxonomy":"product_brand","embeddable":true,"href":"https:\/\/ozince.com\/magaza\/wp-json\/wp\/v2\/product_brand?post=10091"},{"taxonomy":"product_cat","embeddable":true,"href":"https:\/\/ozince.com\/magaza\/wp-json\/wp\/v2\/product_cat?post=10091"},{"taxonomy":"product_tag","embeddable":true,"href":"https:\/\/ozince.com\/magaza\/wp-json\/wp\/v2\/product_tag?post=10091"}],"curies":[{"name":"wp","href":"https:\/\/api.w.org\/{rel}","templated":true}]}}