{"id":10083,"date":"2026-05-01T08:23:17","date_gmt":"2026-05-01T05:23:17","guid":{"rendered":"https:\/\/ozince.com\/magaza\/kategorilenmemis\/tyv-1404556-tampon-astra-j-12-19-arka-bant-delikli-sensor-deliksiz\/"},"modified":"2026-05-01T08:23:19","modified_gmt":"2026-05-01T05:23:19","slug":"tyv-1404556-tampon-astra-j-12-19-arka-bant-delikli-sensor-deliksiz","status":"publish","type":"product","link":"https:\/\/ozince.com\/magaza\/karoseri-ve-kaporta-urunleri\/tyv-1404556-tampon-astra-j-12-19-arka-bant-delikli-sensor-deliksiz\/","title":{"rendered":"TYV-1404556 TAMPON ASTRA J 12-19 ARKA BANT DEL\u0130KL\u0130 SENS\u00d6R DEL\u0130KS\u0130Z"},"content":{"rendered":"","protected":false},"excerpt":{"rendered":"","protected":false},"featured_media":0,"template":"","meta":[],"product_brand":[427],"product_cat":[351],"product_tag":[378],"class_list":{"0":"post-10083","1":"product","2":"type-product","3":"status-publish","5":"arac_markasi_modeli-astra-j","6":"arac_markasi_modeli-opel","7":"product_brand-taiwan","8":"product_cat-karoseri-ve-kaporta-urunleri","9":"product_tag-altay","11":"first","12":"outofstock","13":"taxable","14":"shipping-taxable","15":"purchasable","16":"product-type-simple"},"jetpack_sharing_enabled":true,"_links":{"self":[{"href":"https:\/\/ozince.com\/magaza\/wp-json\/wp\/v2\/product\/10083","targetHints":{"allow":["GET"]}}],"collection":[{"href":"https:\/\/ozince.com\/magaza\/wp-json\/wp\/v2\/product"}],"about":[{"href":"https:\/\/ozince.com\/magaza\/wp-json\/wp\/v2\/types\/product"}],"wp:attachment":[{"href":"https:\/\/ozince.com\/magaza\/wp-json\/wp\/v2\/media?parent=10083"}],"wp:term":[{"taxonomy":"product_brand","embeddable":true,"href":"https:\/\/ozince.com\/magaza\/wp-json\/wp\/v2\/product_brand?post=10083"},{"taxonomy":"product_cat","embeddable":true,"href":"https:\/\/ozince.com\/magaza\/wp-json\/wp\/v2\/product_cat?post=10083"},{"taxonomy":"product_tag","embeddable":true,"href":"https:\/\/ozince.com\/magaza\/wp-json\/wp\/v2\/product_tag?post=10083"}],"curies":[{"name":"wp","href":"https:\/\/api.w.org\/{rel}","templated":true}]}}